the highest common divisor of f and p?
24
Suppose -4*j + 0*j = -24. Let r(y) = 4*y - 2. Let b be r(j). Let q be (-1 - 120)/(14 + 232/(-16)). Calculate the highest common divisor of q and b.
22
Suppose -b + 2*b = 3. Let v be (-212)/(-6) - 1/b. Suppose 6*x - 5*x = v. What is the greatest common divisor of x and 14?
7
Let x(h) = -h**2 - 21*h + 21. Let g be x(-22). Let q be (1*-4*(g + -7))/2. Calculate the greatest common factor of 48 and q.
16
Let a = 62 - 41. Suppose 0 = -2*h + a + 57. Suppose -b + 2*f = -113, -2*b = 3*f - 230 - 10. Calculate the greatest common divisor of b and h.
39
Let y(u) = 6*u**2 - 5*u - 12*u**3 + 0*u + 13*u**3 - 9 - u. Let z be y(-6). What is the highest common factor of z and 108?
27
Let f be (1 + 1 - 1)/(-3)*-57. Let o = 85 - 47. Suppose 4*j - 38 - o = 0. What is the highest common factor of f and j?
19
Let i = -846 + 898. What is the greatest common factor of 221 and i?
13
Let x(f) = 34*f**2 - 89*f - 3. Let b be x(3). Calculate the highest common factor of b and 45.
9
Let f be (5 + 123/(-21))*-119. What is the greatest common factor of 663 and f?
51
Suppose 3*w = 2*d + 17, -2*w + w = d + 1. Suppose w*q - 20 = 22. Let o be (9 - q)*-1*1. Calculate the highest common factor of 5 and o.
5
Suppose -3*n + 3*v + 13 = -29, -5*n = 4*v - 25. What is the greatest common factor of n and 2187?
9
Suppose 3 = a + 4*f + 12, -4*a = 5*f + 3. Let m(s) = -18*s**2. Let v be m(1). Let u = -12 - v. Calculate the highest common divisor of u and a.
3
Suppose 0 = -v + 2*v + 6. Let n = 7 + v. Suppose -2*z - 2*x + 14 = -0*z, x = 3*z - n. What is the greatest common factor of 16 and z?
2
Let i be ((-3)/6)/(4/(-1632)). Calculate the greatest common divisor of i and 68.
68
Suppose 4*p = 5*v + 173, -5*v + 147 + 13 = 5*p. Let s be (2072/24)/1*3. What is the highest common factor of p and s?
37
Suppose 2*z + 5*v - 115 = -34, 25 = 5*v. Suppose 0 = 3*t + 12. Let d be 4 + -1*(t + 4). Calculate the highest common factor of z and d.
4
Let h(j) = -14*j - 1. Let o(r) = r**2 + 11*r - 28. Let t be o(-13). Let p be h(t). Calculate the greatest common divisor of p and 216.
27
Suppose 3*m - 9 = 4*t, -3*t + 9 = 3*m - 4*t. Suppose -2*w = -3*u + 3*w + 173, 0 = -m*u + 2*w + 188. Calculate the greatest common divisor of u and 44.
22
Suppose 0 = 10*g - 7*g - 60. Suppose g + 11 = 4*y + 3*d, -3*y = -5*d - 45. What is the highest common factor of y and 5?
5
Suppose -618 = -15*m + 11*m + 5*c, -2*m - c + 330 = 0. Let d be 53/3 + (-2)/(-6). Calculate the highest common divisor of m and d.
18
Suppose 0 = 3*p - l - 3*l + 27, 0 = l. Let q = -7 - p. Calculate the highest common divisor of 8 and q.
2
Let v be 30/((-132)/468 + (-2)/(-6)). Calculate the greatest common factor of v and 78.
39
Let q(c) = -2*c**2 - 28*c + 70. Let u be q(-14). Calculate the greatest common divisor of 294 and u.
14
Let h = 1730 - -220. Calculate the greatest common divisor of h and 78.
78
Let a = 10 + 11. What is the greatest common factor of a and 9?
3
Suppose 5*t + t - 234 = 0. What is the highest common divisor of t and 9?
3
Let q(c) = 73*c**2 - 59*c - 3. Let x be q(-5). Calculate the greatest common factor of 29 and x.
29
Let t be (-6 + 3 - -3)/(-2). Let n be (-9)/(-15)*(164 - (t + -1)). Calculate the highest common divisor of n and 9.
9
Let g = -12 + 20. Suppose k = -5 + g. What is the greatest common divisor of k and 2?
1
Let y(g) = -3*g + 5. Suppose 2*l + 9 = -k + 1, -l + 5*k = -7. Let c be y(l). Calculate the highest common divisor of 112 and c.
14
Let g be 2/(((-48)/160)/((-3)/4)). Let q be (g - -6) + 1/(-1). What is the highest common divisor of 20 and q?
10
Let a(l) = 2*l - 1. Let f be a(3). Let s = f + 20. Let j(q) = q**2 - 9*q + 5. Let i be j(9). What is the highest common factor of s and i?
5
Let w = -128 - -166. What is the greatest common divisor of w and 57?
19
Let p = -27 + 335. What is the greatest common divisor of 33 and p?
11
Let n(x) = 2*x + 6. Let j be n(-7). Let i be 6/(-5)*(-5 - (-180)/j). Calculate the highest common factor of 44 and i.
11
Suppose 0 = -3*g - 2 - 16. Let o be g/4*6/(-3). Calculate the greatest common divisor of o and 27.
3
Let p(b) = -8*b - 2. Let v be p(-1). Let r be 2732/20 + v/(-10). Calculate the highest common factor of 17 and r.
17
Let v be 15/(-27)*-14 + (-12)/(-54). Suppose -d + 4*n - v = 2*d, -4*d - 5*n = -41. Calculate the highest common factor of 44 and d.
4
Suppose j - 3 = -2*v - 2*j, 3*v - 2 = -5*j. Suppose -6*z = -z + 30. Let h = z + 9. Calculate the greatest common factor of h and v.
3
Suppose -2*r + 3*b + b + 60 = 0, 3*b - 81 = -3*r. Suppose -13*z + 754 + 156 = 0. What is the highest common divisor of z and r?
14
Suppose 0 = m + 945 - 948. Calculate the greatest common factor of 192 and m.
3
Let s(p) = 6*p**2 - 4*p - 153. Let h be s(9). What is the highest common divisor of h and 243?
27
Let k = -23 + 13. Let a be (-3)/(-2) - (-228)/(-8). Let i = k - a. What is the greatest common divisor of i and 119?
17
Let r(b) = -b**2 - 10*b - 13. Let h be r(-11). Let w be ((-5)/(-10))/((-1)/h). Suppose -w*v + 17*v - 75 = 0. Calculate the highest common divisor of 5 and v.
5
Let h(x) = -15*x + 23. Let q be h(-17). Suppose 5*w + l = -32 + q, 4*w = 2*l + 208. Suppose 209 + 291 = 4*d. What is the highest common divisor of d and w?
25
Let x = 1264 - 1198. Calculate the greatest common factor of 1056 and x.
66
Let d(l) = 18*l**3 + l**2 - 2*l + 1. Let u be d(1). Let i = 60 - 60. Let n be (-7 + i - 2)*14/(-21). Calculate the greatest common factor of n and u.
6
Suppose -25 = -5*a + w, 2*a = 7*a + 5*w - 55. Let x be (1 + 0)/(2/18). Calculate the highest common factor of x and a.
3
Suppose -3*c - 8 - 7 = 0, 4*w - 5*c = 641. Suppose -2*a - 2 + 6 = 0. Suppose 16 = t + a. What is the greatest common divisor of w and t?
14
Let v = -277 - -341. Calculate the greatest common divisor of v and 1024.
64
Suppose 6*k - 2*k + 12 = -4*z, 3*z - 3*k = 21. Let r be (11/z)/(5/50). Let t = 29 + -18. Calculate the greatest common factor of r and t.
11
Let k = -27 - 97. Let x = -100 - k. What is the greatest common divisor of 18 and x?
6
Let l(f) = 3*f**2 + 8*f + 9. Let c be l(-5). Let b = -33 + c. Calculate the greatest common divisor of b and 121.
11
Suppose 4*p - 24 = 2*d, 4*d - 2*p = 5*d + 12. Let b be (8/d)/(5/(-45)). Let o be ((-12)/(-10))/((-1)/(-20)). What is the greatest common divisor of o and b?
6
Suppose -5*i + 196 = -5*b - 444, 0 = 3*i + 5*b - 368. Suppose 5*j = 1101 - 681. What is the greatest common factor of j and i?
42
Let a(m) = m**3 + 7*m**2 + 3*m + 10. Let k be a(-7). Let l = 1 - k. Suppose -y + 45 = -39. Calculate the greatest common divisor of y and l.
12
Let z be 0 - (-3)/((-3)/(-4)*1). Suppose 5*u - s = 6, -2*u + 5*s + 3 = -z. What is the highest common divisor of u and 26?
1
Suppose -12 + 3 = -5*v - 4*g, 4*v - 8 = -3*g. Suppose 3*d - 4 = v. Let j = 3 + d. Calculate the greatest common divisor of j and 54.
6
Let o(r) = -r + 17. Let p be o(-12). What is the greatest common divisor of p and 29?
29
Let f = 305 - 291. What is the highest common divisor of f and 161?
7
Suppose 3*v = 5*v - 3*s - 49, 3*s + 109 = 5*v. Suppose -5*i = -3*q + 76, -q + 12 + v = 5*i. What is the highest common divisor of q and 3?
3
Let t be 3*(-762)/(-54) - 9/27. Let u be 1 + (63 - 0) + -1. What is the greatest common factor of t and u?
21
Let b = 10 - 7. Suppose -l + b = -1. Let q(h) = 2*h**2 - 5*h + 6. Let y be q(l). Calculate the highest common factor of 36 and y.
18
Let m(w) = w**2 + 9*w + 9. Let u be m(-5). Let t = u + 19. Calculate the highest common divisor of t and 64.
8
Let k be 4/((-24)/(-990))*22/6. Let d(s) = -5*s + 5. Let n be d(-10). Calculate the greatest common divisor of n and k.
55
Let i = 0 + -8. Let z be (-2 - i)*(-8)/(-16). Let j = z + 15. Calculate the greatest common factor of j and 162.
18
Let r(x) = -x**3 + 13*x**2 - 9*x + 9. Let o be r(11). Let m be 696/36 + (-2)/6. What is the greatest common divisor of m and o?
19
Let l(s) be the second derivative of -s**4/12 - 2*s**3/3 + 5*s**2/2 - 8*s. Let y be l(-3). What is the highest common divisor of y and 72?
8
Suppose -15*i = -41*i + 4550. Calculate the greatest common factor of i and 42.
7
Suppose -2*w - 82 + 0 = -2*g, 3*g + 102 = -2*w. Let d be w/18*28/(-10). Calculate the highest common divisor of d and 35.
7
Suppos